q)?
9
Let v(a) = 70*a - 302. Let z be v(5). Suppose 5*o + 50*u - z*u = 210, 4*o = -5*u + 168. What is the tens digit of o?
4
Let b = 2014 + -584. What is the thousands digit of b?
1
Suppose -85 - 10 = -5*k - 5*g, 4*k = -g + 67. Suppose 0 = -15*m + k*m - 269. Suppose 2*d + 31 = m. What is the hundreds digit of d?
1
Let p(d) be the third derivative of 21*d**5/10 - d**4/3 - d**3/6 - 40*d**2. What is the hundreds digit of p(-1)?
1
Let a = -10023 - -24079. What is the tens digit of a?
5
What is the hundreds digit of -1 + 15 + -8 + 12/(-3) + 77255?
2
Let l be 0 - (-60 + (-3)/(6/(-10))). What is the hundreds digit of (-2)/10 - (-9031)/l?
1
Let n(q) = q**3 - 57*q**2 - 98*q - 117. What is the tens digit of n(67)?
0
Let q = 3452 - 1557. What is the hundreds digit of q?
8
Let k = -2426 - -18611. What is the thousands digit of k?
6
Suppose w = -w + 14. Let s = w + -7. Suppose s = -y - 4*r + 47, 3*r + 82 = y - 0*y. What is the units digit of y?
7
Suppose -3*o = -0*o - 3*j - 18, -o + 3*j + 2 = 0. Suppose 3*n - 7*n - x = -o, 3*n = x - 1. What is the tens digit of n*3 - (15/(-5) + -47)?
5
Let h(r) be the third derivative of 11*r**4/12 + 11*r**3/2 - 22*r**2. What is the tens digit of h(17)?
0
Let r(k) = 3262*k - 2430. What is the ten thousands digit of r(17)?
5
Let u = 29641 - 9819. What is the thousands digit of u?
9
Let w(r) = -218*r + 17. Let f be w(-2). Let i = f + -199. What is the hundreds digit of i?
2
Let o be (-179)/(((-7)/14)/(2/4)). Let h be ((1 - 3)*o)/((-7)/14). Suppose -8*k - h = -2012. What is the tens digit of k?
6
Let b be (-108)/(-48)*(-292)/(-3). Suppose 220*p = b*p + 628. What is the tens digit of p?
2
Suppose 62*l + 58333 = 1092989. What is the ten thousands digit of l?
1
Let a = 89 + -82. Let w be -2 - -168 - (-5 + a). Suppose 0 = 3*z, 3*y - 2*z - w = 94. What is the tens digit of y?
8
Let o(x) be the second derivative of -2*x**3 + 14*x**2 + 89*x. What is the units digit of o(2)?
4
Let x = 5 - 3. Suppose x*d + d = 9. Suppose -m - 3*m + d*t = -384, -2*t = -8. What is the tens digit of m?
9
Suppose -4*h - t = 20 + 82, 0 = -h + t - 23. Let f = -11 + 114. Let d = h + f. What is the units digit of d?
8
Let o = -45 - -68. Let r = -38 - o. What is the tens digit of (-1)/(-5)*5 - r?
6
Let p = 264 + -264. Suppose p = m - 277 - 101. What is the units digit of m?
8
Let p(a) = -5*a + 117. Let x be p(24). What is the tens digit of 302/(-604)*3/(x/724)?
6
Let g(t) = -2*t + 40. Let c(z) = 3*z - 40. Let r(u) = 5*c(u) + 6*g(u). Let b be r(-11). Let m = 189 + b. What is the hundreds digit of m?
1
Suppose 4*p - 5*p + 3*v = 681, -4*v = 3*p + 2043. Let l = -352 - p. What is the tens digit of l?
2
Let k = -5074 + 23250. What is the hundreds digit of k?
1
Let q(d) = 8*d + 25. Let n(g) = 7*g + 25. Let u(o) = 6*n(o) - 5*q(o). Let l be u(-14). What is the tens digit of 1 - l/(3 - 258/88)?
4
Let g(n) = 23*n + 2938. Let p be g(0). Suppose -4*o + 575 = r - 0*r, -5*r + o = -p. What is the tens digit of r?
8
Suppose -3*h - 5433 = -4*d + 22195, d + 4*h - 6926 = 0. Suppose -d - 13554 = -16*x. What is the hundreds digit of x?
2
Let v(u) = u**3 + 10*u**2 - 4*u - 13. Let z be v(-9). Let x = z + -98. Suppose x*h = h + 530. What is the tens digit of h?
0
Suppose -3*x = -f + 59, 0 = -0*f - f + x + 63. Let q = f + -62. Suppose -4*l = n - 557, -2*n + 7*n = -q*l + 439. What is the units digit of l?
8
Let c(m) = 33*m + 309. What is the units digit of c(-9)?
2
Let b(r) = -2368*r**3 + 5*r**2 - 42*r - 102. What is the units digit of b(-2)?
6
Let i(f) = 293*f**2 + 160*f + 908. What is the thousands digit of i(-6)?
0
Let u(f) = 14 - 4*f + f**2 + 5 + 20*f. Let r be u(-15). What is the units digit of 10/(r - 27/7)?
0
Suppose m = 5*q + 43, -4*q - m - 9 = 20. Let j be (q - (3 - 5))/((-6)/(-16)). Let a(b) = -b**3 - 15*b**2 + 9*b + 19. What is the units digit of a(j)?
1
What is the units digit of 309/206 + (-124689)/(-6)?
3
Let l = 8862 + 992. What is the units digit of l?
4
Let n = 57763 - 39207. What is the ten thousands digit of n?
1
Let l(n) = 2*n**3 - n + 1. Let u = -8 + 9. Let p be l(u). Suppose -5*d + 325 = -i - 4*i, -p = -i. What is the tens digit of d?
6
Suppose -13 = -14*u + 15. Suppose 0 = -4*o - 4*r + 2044, -2*o + 1046 = -2*r - u*r. What is the units digit of o?
5
Suppose -2*o = -4*o. Let n(k) = -220*k + 4409. Let w be n(20). Suppose o = w*c + 39 - 399. What is the tens digit of c?
4
Let t = 3986 - -126. What is the thousands digit of t?
4
Suppose 0 = -c - 4, 23*l = 18*l + c + 134. Let o(d) = -d**3 + 28*d**2 - 38*d - 2. What is the hundreds digit of o(l)?
3
Suppose -l + 17*l + 14*l = 154890. What is the thousands digit of l?
5
Suppose -88*w + 28485 = -14019. What is the units digit of w?
3
Let c(x) = -4*x + 36. Let a be c(4). Let s be a/(-60) - 1726/(-3). Suppose 0 = -12*j + 217 + s. What is the units digit of j?
6
Suppose 5*k + 97 = 322. Suppose -2*l + 16 + 7 = 3*g, k = 5*l + 5*g. Suppose j - 4*d - 296 = -3*j, l*d = -16. What is the units digit of j?
0
Suppose -8*x + 468 = 10*x. Suppose x*y - 49166 = -17342. What is the units digit of y?
4
Suppose -47828 = -12*q + 26560. What is the hundreds digit of q?
1
Let x(t) = -390*t**3 + 7*t**2 + 19*t + 7. What is the hundreds digit of x(-2)?
1
Suppose 3022*m - 167724 = 3004*m. What is the hundreds digit of m?
3
Suppose -2*s + 3*z + 1 = 2*s, 4*z = 20. Suppose -4*a + 129 = -2*h - 261, s*h = 5*a - 492. What is the units digit of a?
6
Let s = 178 + -160. Suppose s*y - 1731 = 15*y. What is the tens digit of y?
7
Let y be 1*4190/55 + (-2)/11. Suppose -2*u = 2*c - 218 + y, 4*c = 4*u + 284. Let o = c - 49. What is the tens digit of o?
2
Let f(r) = -r**3 + 6*r**2 + 31*r - 7. Let t(a) = 4*a**3 - 25*a**2 - 124*a + 27. Let u(k) = 9*f(k) + 2*t(k). What is the tens digit of u(-6)?
6
Let r = -11754 + 23820. What is the thousands digit of r?
2
Let g(h) = h**3 + 15*h**2 + 28*h + 31. Let y be g(-13). Suppose 31 = y*s + 31. Suppose 0 = 4*z + 5*j - 577, -j + 1 + 0 = s. What is the tens digit of z?
4
Suppose 3*n = 176 + 19. Let p = 332 + n. Let s = p + -276. What is the units digit of s?
1
Suppose 26953*b + 9760 = 26955*b. What is the units digit of b?
0
Let i(n) = n**2 - n + 155. Let v = -25 + 25. Let h be i(v). What is the tens digit of ((-34)/(-85))/(1/h)?
6
Suppose -2*d - 2*g + 6 = 0, 3*d - 20 = 4*g - 4. Suppose -l = -d*u + 2*l + 3339, 2*l = 3*u - 2503. What is the units digit of u?
1
Let a = -60 + 104. What is the units digit of (-330)/a*(-6)/5?
9
Suppose -46*m + 292239 = -261177 + 152526. What is the tens digit of m?
1
Suppose 10 = 2*y, -21*y + 35 = 3*i - 17*y. Suppose -4*w - i*k + 197 - 18 = 0, 2*w - 5*k = 67. What is the tens digit of w?
4
Let c = -1101 + 6073. What is the units digit of c?
2
Let c(j) = 5*j**2 - 5*j - 68. Suppose -104 = 12*r + 16. What is the units digit of c(r)?
2
Let n(x) be the second derivative of -185*x**3/6 - 37*x**2/2 + 16*x - 3. What is the hundreds digit of n(-2)?
3
Let z = 3073 - -10549. What is the hundreds digit of z?
6
Let h = 72404 - 14448. What is the units digit of h?
6
Let j(y) = 4274*y**3 + 4*y**2 + 54*y - 56. What is the tens digit of j(1)?
7
Suppose -16*j + 9658 = 2074. Let c = j + 113. What is the units digit of c?
7
Let g = 545 + -388. Suppose 4*s + g = r - 173, -2*r = s - 615. What is the units digit of r?
0
Let r be (-40)/(-4)*(-78)/(-15). Let m = r - -879. What is the units digit of m?
1
Let w = 239 + -125. Let s be (-2 - (2 - 6)) + 0/3. Suppose 2*p + 3*l = w, p + s*l = -2*l + 62. What is the tens digit of p?
5
Let w(v) = -5*v**2 + 200*v + 980. Let g be w(-5). Let l be ((-269)/1 - 2)*-1. Let c = g + l. What is the tens digit of c?
2
Suppose 2*s = -0*u - 3*u - 15, 2*u = -4*s - 10. What is the tens digit of 4/((-16)/(-636)) - 10/u?
6
Let o(m) = 2*m + 2. Suppose 8*n + 4*n = 0. Let h be o(n). Suppose h*x - 5 + 3 = 0, x = d - 158. What is the tens digit of d?
5
Suppose w + 2*i = -3*i, 5*i = -5*w + 20. Suppose -5*h + 5*j = -8430 + 1295, w*j + 5703 = 4*h. What is the units digit of h?
2
Suppose 0 = -q - 5*j + 6496, 2*q - 2*j = -6*j + 12986. Suppose -20*n = -5909 - q. What is the hundreds digit of n?
6
Let x be (-4)/(-4) - (2 - 0). Let t(h) = -657*h - 2. What is the hundreds digit of t(x)?
6
Suppose -603550 = 28*d - 78*d. What is the thousands digit of d?
2
Let k = 26787 - 15206. What is the units digit of k?
1
